{"id":3419,"date":"2019-05-23T07:05:34","date_gmt":"2019-05-23T07:05:34","guid":{"rendered":"http:\/\/oshinewptheme.com\/v48\/?page_id=67"},"modified":"2025-12-15T16:57:28","modified_gmt":"2025-12-15T15:57:28","slug":"journal","status":"publish","type":"page","link":"https:\/\/www.firstfloorstudios.de\/firstfloorstudiosWP\/verwaltungWP\/journal\/","title":{"rendered":"+ FAQ \u2013 v48 \u2013 used"},"content":{"rendered":"<div  class=\"tatsu-BkHab_Hp0 tatsu-section  tatsu-bg-overlay   tatsu-clearfix\" data-title=\"\"  data-headerscheme=\"background--dark\"><div class='tatsu-section-pad clearfix' data-padding='{\"d\":\"151px 0px 230px 0px\"}' data-padding-top='151px'><div class=\"tatsu-row-wrap  tatsu-wrap tatsu-row-one-col tatsu-row-has-one-cols tatsu-medium-gutter tatsu-reg-cols  tatsu-clearfix tatsu-H1lHaZuHpA\" ><div  class=\"tatsu-row \" ><div  class=\"tatsu-column  tatsu-bg-overlay tatsu-one-col tatsu-column-image-none tatsu-column-effect-none  tatsu-SJ-H6WOS6A\"  data-parallax-speed=\"0\" style=\"\"><div class=\"tatsu-column-inner \" ><div class=\"tatsu-column-pad-wrap\"><div class=\"tatsu-column-pad\" ><div  class=\"tatsu-module tatsu-inline-text clearfix tatsu-rJzH6-OSpA   \" ><style>.tatsu-rJzH6-OSpA .tatsu-inline-text-inner{width: 100%;text-align: left;}@media only screen and (max-width: 767px) {.tatsu-rJzH6-OSpA .tatsu-inline-text-inner{width: 100%;}}<\/style><div class=\"tatsu-inline-text-inner tatsu-align-center\">\n<h1 style=\"text-align: center;\"><span class=\"swatch-white\">FAQ &#038; OFFERs<\/span><\/h1>\n<\/div><\/div><\/div><\/div><div class = \"tatsu-column-bg-image-wrap\"><div class = \"tatsu-column-bg-image\" ><\/div><\/div><div class=\"tatsu-overlay tatsu-column-overlay tatsu-animate-none\" ><\/div><\/div><style>.tatsu-row > .tatsu-SJ-H6WOS6A.tatsu-column{width: 100%;}.tatsu-SJ-H6WOS6A.tatsu-column > .tatsu-column-inner > .tatsu-column-overlay{mix-blend-mode: normal;}.tatsu-SJ-H6WOS6A > .tatsu-column-inner > .tatsu-top-divider{z-index: 9999;}.tatsu-SJ-H6WOS6A > .tatsu-column-inner > .tatsu-bottom-divider{z-index: 9999;}.tatsu-SJ-H6WOS6A > .tatsu-column-inner > .tatsu-left-divider{z-index: 9999;}.tatsu-SJ-H6WOS6A > .tatsu-column-inner > .tatsu-right-divider{z-index: 9999;}@media only screen and (max-width:1377px) {.tatsu-row > .tatsu-SJ-H6WOS6A.tatsu-column{width: 100%;}}@media only screen and (min-width:768px) and (max-width: 1024px) {.tatsu-row > .tatsu-SJ-H6WOS6A.tatsu-column{width: 100%;}}@media only screen and (max-width: 767px) {.tatsu-row > .tatsu-SJ-H6WOS6A.tatsu-column{width: 100%;}}<\/style><\/div><\/div><\/div><\/div><div class=\"tatsu-section-background-wrap\"><div class = \"tatsu-section-background\" ><\/div><\/div><div class=\"tatsu-overlay tatsu-section-overlay\"><\/div><style>.tatsu-BkHab_Hp0.tatsu-section{background-color: rgba(170,146,108,1);}.tatsu-BkHab_Hp0 .tatsu-section-background{background-image: url(https:\/\/www.firstfloorstudios.de\/firstfloorstudiosWP\/verwaltungWP\/wp-content\/uploads\/2024\/12\/469655524_1123384853126743_3059332236301706230_n.jpg);background-repeat: no-repeat;background-attachment: fixed;background-position: center left;background-size: cover;}.tatsu-BkHab_Hp0 .tatsu-bg-blur{background-repeat: no-repeat;background-attachment: fixed;background-position: center left;background-size: cover;}.tatsu-BkHab_Hp0 .tatsu-section-pad{padding: 151px 0px 230px 0px;}.tatsu-BkHab_Hp0 .tatsu-section-offset-wrap{transform: translateY(-0px);}.tatsu-BkHab_Hp0 > .tatsu-bottom-divider{z-index: 9999;}.tatsu-BkHab_Hp0 > .tatsu-top-divider{z-index: 9999;}.tatsu-BkHab_Hp0 .tatsu-section-overlay{background: rgba(0,0,0,0.2);mix-blend-mode: darken;}<\/style><\/div><div  class=\"tatsu-Syr9yDEBA tatsu-section    tatsu-clearfix\" data-title=\"\"  data-headerscheme=\"background--dark\"><div class='tatsu-section-pad clearfix' data-padding='{\"d\":\"0px 0px 0px 0px\"}' data-padding-top='0px'><div class=\"tatsu-row-wrap  tatsu-row-full-width tatsu-row-has-three-cols tatsu-zero-margin tatsu-no-gutter tatsu-eq-cols  tatsu-clearfix tatsu-r1eBq1DEHA\" ><div  class=\"tatsu-row \" ><div  class=\"tatsu-column  tatsu-bg-overlay tatsu-one-third tatsu-column-align-middle tatsu-column-image-none tatsu-column-effect-none  tatsu-rybSqJPNBA\"  data-parallax-speed=\"0\" style=\"\"><div class=\"tatsu-column-inner \" ><div class=\"tatsu-column-pad-wrap\"><div class=\"tatsu-column-pad\" ><div  class=\"tatsu-module tatsu-normal-icon tatsu-icon-shortcode align-center tatsu-HJMHqJwNHR   \"><style>.tatsu-HJMHqJwNHR .tatsu-icon{color: rgba(27,63,197,1) ;}.tatsu-HJMHqJwNHR{border-width: 0px 0px 0px 0px;}<\/style><a href=\"#\"  class=\"tatsu-icon-wrap plain  tatsu-animate    \" data-animation=\"fadeInDown\"   aria-label=\"icon-tools2\" data-gdpr-atts={}   ><i class=\"tatsu-icon tatsu-custom-icon tatsu-custom-icon-class icon-tools2 large plain\"><\/i><\/a><\/div><div  class=\"tatsu-module tatsu-text-block-wrap tatsu-BJXB5JvNBC  \"><div class=\"tatsu-text-inner tatsu-align-center tatsu-animate clearfix\" data-animation=\"fadeInUp\"  ><style>.tatsu-BJXB5JvNBC.tatsu-text-block-wrap .tatsu-text-inner{text-align: left;}<\/style>\n<h4 style=\"text-align: center;\">FAQ<\/h4>\n<p style=\"text-align: center;\">Wir beraten Sie gerne!<br \/>Wir shooten Sie auch au\u00dferhalb der \u00d6ffnungszeiten!<\/p>\n<p style=\"text-align: center;\">F\u00fcr Vorgespr\u00e4che und Shooting-Termine erreichen Sie uns unter<\/p>\n<p style=\"text-align: center;\">0171 620 6918<\/p>\n<p><b><\/b><\/p>\n<p>\u00a0<\/p>\n<\/div><\/div><\/div><\/div><div class = \"tatsu-column-bg-image-wrap\"><div class = \"tatsu-column-bg-image\" ><\/div><\/div><div class=\"tatsu-overlay tatsu-column-overlay tatsu-animate-hide\" ><\/div><\/div><style>.tatsu-row > .tatsu-rybSqJPNBA.tatsu-column{width: 33.33%;}.tatsu-rybSqJPNBA.tatsu-column > .tatsu-column-inner{background-color: #f6f6f6;}.tatsu-rybSqJPNBA.tatsu-column > .tatsu-column-inner > .tatsu-column-pad-wrap > .tatsu-column-pad{padding: 15% 10% 15% 10%;}.tatsu-rybSqJPNBA.tatsu-column > .tatsu-column-inner > .tatsu-column-overlay{background: rgba(230,230,230,1);mix-blend-mode: normal;}.tatsu-rybSqJPNBA > .tatsu-column-inner > .tatsu-top-divider{z-index: 9999;}.tatsu-rybSqJPNBA > .tatsu-column-inner > .tatsu-bottom-divider{z-index: 9999;}.tatsu-rybSqJPNBA > .tatsu-column-inner > .tatsu-left-divider{z-index: 9999;}.tatsu-rybSqJPNBA > .tatsu-column-inner > .tatsu-right-divider{z-index: 9999;}@media only screen and (max-width: 767px) {.tatsu-row > .tatsu-rybSqJPNBA.tatsu-column{width: 100%;}}<\/style><\/div><div  class=\"tatsu-column  tatsu-bg-overlay tatsu-one-third tatsu-column-align-middle tatsu-column-image-none tatsu-column-effect-none  tatsu-r1NBqJPNHR\"  data-parallax-speed=\"0\" style=\"\"><div class=\"tatsu-column-inner \" ><div class=\"tatsu-column-pad-wrap\"><div class=\"tatsu-column-pad\" ><div  class=\"tatsu-module tatsu-normal-icon tatsu-icon-shortcode align-center tatsu-B1rB5yDVBR   \"><style>.tatsu-B1rB5yDVBR .tatsu-icon{color: rgba(27,63,197,1) ;}.tatsu-B1rB5yDVBR{border-width: 0px 0px 0px 0px;}<\/style><a href=\"#\"  class=\"tatsu-icon-wrap plain  tatsu-animate    \" data-animation=\"fadeInDown\"   aria-label=\"icon-clock2\" data-gdpr-atts={}   ><i class=\"tatsu-icon tatsu-custom-icon tatsu-custom-icon-class icon-clock2 large plain\"><\/i><\/a><\/div><div  class=\"tatsu-module tatsu-text-block-wrap tatsu-rkLBqkPVB0  \"><div class=\"tatsu-text-inner tatsu-align-center tatsu-animate clearfix\" data-animation=\"fadeInUp\"  ><style>.tatsu-rkLBqkPVB0.tatsu-text-block-wrap .tatsu-text-inner{text-align: left;}<\/style>\n<h4 style=\"text-align: center;\">\u00d6ffnungszeiten<\/h4>\n<p style=\"text-align: center;\">MO \u00b7 DO \u00b7 FR : <strong>9.30 bis 12.00<\/strong> und <strong>14.00 bis 18.00<\/strong> Uhr<br \/>MI : <strong>9.30 bis 12.00<\/strong> und <strong>14.00 bis 17.30<\/strong> Uhr (danach k\u00f6nnt ihr aber gerne shootings buchen!)<br \/>DI \u00b7 SA \u00b7 SO : nur nach Terminvereinbarung<\/p>\n<p style=\"text-align: center;\">\u00a0<\/p>\n<p style=\"text-align: center;\">Telefon:\u00a0<b>0171 620 6918<\/b><\/p>\n<\/div><\/div><\/div><\/div><div class = \"tatsu-column-bg-image-wrap\"><div class = \"tatsu-column-bg-image\" ><\/div><\/div><div class=\"tatsu-overlay tatsu-column-overlay tatsu-animate-hide\" ><\/div><\/div><style>.tatsu-row > .tatsu-r1NBqJPNHR.tatsu-column{width: 33.33%;}.tatsu-r1NBqJPNHR.tatsu-column > .tatsu-column-inner{background-color: #fdfdfd;}.tatsu-r1NBqJPNHR.tatsu-column > .tatsu-column-inner > .tatsu-column-pad-wrap > .tatsu-column-pad{padding: 15% 10% 15% 10%;}.tatsu-r1NBqJPNHR.tatsu-column > .tatsu-column-inner > .tatsu-column-overlay{background: rgba(239,239,239,1);mix-blend-mode: normal;}.tatsu-r1NBqJPNHR > .tatsu-column-inner > .tatsu-top-divider{z-index: 9999;}.tatsu-r1NBqJPNHR > .tatsu-column-inner > .tatsu-bottom-divider{z-index: 9999;}.tatsu-r1NBqJPNHR > .tatsu-column-inner > .tatsu-left-divider{z-index: 9999;}.tatsu-r1NBqJPNHR > .tatsu-column-inner > .tatsu-right-divider{z-index: 9999;}@media only screen and (max-width: 767px) {.tatsu-row > .tatsu-r1NBqJPNHR.tatsu-column{width: 100%;}}<\/style><\/div><div  class=\"tatsu-column  tatsu-bg-overlay tatsu-one-third tatsu-column-align-middle tatsu-column-image-none tatsu-column-effect-none  tatsu-BkDB5yD4rC\"  data-parallax-speed=\"0\" style=\"\"><div class=\"tatsu-column-inner \" ><div class=\"tatsu-column-pad-wrap\"><div class=\"tatsu-column-pad\" ><div  class=\"tatsu-module tatsu-normal-icon tatsu-icon-shortcode align-center tatsu-rJurcyvNHR   \"><style>.tatsu-rJurcyvNHR .tatsu-icon{color: rgba(27,63,197,1) ;}.tatsu-rJurcyvNHR{border-width: 0px 0px 0px 0px;}<\/style><a href=\"#\"  class=\"tatsu-icon-wrap plain  tatsu-animate    \" data-animation=\"fadeInDown\"   aria-label=\"icon-social_instagram\" data-gdpr-atts={}   ><i class=\"tatsu-icon tatsu-custom-icon tatsu-custom-icon-class icon-social_instagram large plain\"><\/i><\/a><\/div><div  class=\"tatsu-module tatsu-text-block-wrap tatsu-S1KS5kvVSA  \"><div class=\"tatsu-text-inner tatsu-align-center tatsu-animate clearfix\" data-animation=\"fadeInUp\"  ><style>.tatsu-S1KS5kvVSA.tatsu-text-block-wrap .tatsu-text-inner{text-align: left;}<\/style>\n<h4 style=\"text-align: center;\">Passbilder<\/h4>\n<p style=\"text-align: center;\">Alles was das Herz begehrt:<br \/>Passbilder, Bewerbungsbilder, biometrische Bilder.<\/p>\n<p style=\"text-align: center;\">Retusche Passbilder: JA.<\/p>\n<h6 style=\"text-align: center;\">Pricing:<br \/>2 Biometrische: 17 \u20ac<br \/>4 Biometrische 23 \u20ac<\/h6>\n<\/div><\/div><\/div><\/div><div class = \"tatsu-column-bg-image-wrap\"><div class = \"tatsu-column-bg-image\" ><\/div><\/div><div class=\"tatsu-overlay tatsu-column-overlay tatsu-animate-hide\" ><\/div><\/div><style>.tatsu-row > .tatsu-BkDB5yD4rC.tatsu-column{width: 33.33%;}.tatsu-BkDB5yD4rC.tatsu-column > .tatsu-column-inner{background-color: #f6f6f6;}.tatsu-BkDB5yD4rC.tatsu-column > .tatsu-column-inner > .tatsu-column-pad-wrap > .tatsu-column-pad{padding: 15% 10% 15% 10%;}.tatsu-BkDB5yD4rC.tatsu-column > .tatsu-column-inner > .tatsu-column-overlay{background: rgba(230,230,230,1);mix-blend-mode: normal;}.tatsu-BkDB5yD4rC > .tatsu-column-inner > .tatsu-top-divider{z-index: 9999;}.tatsu-BkDB5yD4rC > .tatsu-column-inner > .tatsu-bottom-divider{z-index: 9999;}.tatsu-BkDB5yD4rC > .tatsu-column-inner > .tatsu-left-divider{z-index: 9999;}.tatsu-BkDB5yD4rC > .tatsu-column-inner > .tatsu-right-divider{z-index: 9999;}@media only screen and (max-width: 767px) {.tatsu-row > .tatsu-BkDB5yD4rC.tatsu-column{width: 100%;}}<\/style><\/div><\/div><\/div><\/div><div class=\"tatsu-section-background-wrap\"><div class = \"tatsu-section-background\" ><\/div><\/div><style>.tatsu-Syr9yDEBA{border-width: 0px 0px px 0px;border-style: solid;}.tatsu-Syr9yDEBA > .tatsu-bottom-divider{z-index: 9999;}.tatsu-Syr9yDEBA > .tatsu-top-divider{z-index: 9999;}<\/style><\/div><div  class=\"tatsu-H1vPWPNSA tatsu-section    tatsu-clearfix\" data-title=\"\"  data-headerscheme=\"background--dark\"><div class='tatsu-section-pad clearfix' data-padding='{\"d\":\"90px 0% 0px 0% \"}' data-padding-top='90px'><div class=\"tatsu-row-wrap  tatsu-wrap tatsu-row-has-one-half tatsu-row-has-two-cols tatsu-zero-margin tatsu-no-gutter tatsu-eq-cols  tatsu-clearfix tatsu-SyxDv-DNrC\" ><div  class=\"tatsu-row \" ><div  class=\"tatsu-column  tatsu-column-no-bg tatsu-one-half tatsu-column-align-bottom tatsu-column-image-none tatsu-column-effect-none  tatsu-BJbvPbwEH0\"  data-parallax-speed=\"0\" style=\"\"><div class=\"tatsu-column-inner \" ><div class=\"tatsu-column-pad-wrap\"><div class=\"tatsu-column-pad\" ><div  class=\"tatsu-single-image tatsu-module tatsu-rkfPvbwNrA  \" ><div class=\"tatsu-single-image-inner \" style=\"width : 1059px;\" ><div class = \"tatsu-single-image-padding-wrap\" style = \"padding-bottom : 141.64305949008%;\" ><\/div><img class = \"tatsu-gradient-border\" alt = \"\" title = \"469655524_1123384853126743_3059332236301706230_n\" src = \"https:\/\/www.firstfloorstudios.de\/firstfloorstudiosWP\/verwaltungWP\/wp-content\/uploads\/2024\/12\/469655524_1123384853126743_3059332236301706230_n.jpg\" \/><\/div><style>.tatsu-rkfPvbwNrA{margin: 0px 0px 0px 0px;}.tatsu-rkfPvbwNrA .tatsu-single-image-inner{border-style: solid;max-width: 100%;}.tatsu-rkfPvbwNrA.tatsu-single-image{transform: translate3d(0px,0px, 0);}<\/style><\/div><\/div><\/div><div class = \"tatsu-column-bg-image-wrap\"><div class = \"tatsu-column-bg-image\" ><\/div><\/div><\/div><style>.tatsu-row > .tatsu-BJbvPbwEH0.tatsu-column{width: 50%;}.tatsu-BJbvPbwEH0.tatsu-column > .tatsu-column-inner > .tatsu-column-pad-wrap > .tatsu-column-pad{padding: 0px 30px 0px 30px ;}.tatsu-BJbvPbwEH0.tatsu-column > .tatsu-column-inner > .tatsu-column-overlay{mix-blend-mode: none;}.tatsu-BJbvPbwEH0 > .tatsu-column-inner > .tatsu-top-divider{z-index: 9999;}.tatsu-BJbvPbwEH0 > .tatsu-column-inner > .tatsu-bottom-divider{z-index: 9999;}.tatsu-BJbvPbwEH0 > .tatsu-column-inner > .tatsu-left-divider{z-index: 9999;}.tatsu-BJbvPbwEH0 > .tatsu-column-inner > .tatsu-right-divider{z-index: 9999;}@media only screen and (max-width: 767px) {.tatsu-row > .tatsu-BJbvPbwEH0.tatsu-column{width: 100%;}}<\/style><\/div><div  class=\"tatsu-column  tatsu-column-no-bg tatsu-one-half tatsu-column-align-middle tatsu-column-image-none tatsu-column-effect-none  tatsu-r1mDv-wVBA\"  data-parallax-speed=\"0\" style=\"\"><div class=\"tatsu-column-inner \" ><div class=\"tatsu-column-pad-wrap\"><div class=\"tatsu-column-pad\" ><div  class=\"tatsu-module tatsu-title-icon  tatsu-animate tatsu-ryVPvWPVHA  \" data-animation=\"fadeInRight\"  ><span class=\"tatsu-ti-wrap tatsu-ti medium circled align-left\" ><i class=\"icon-gift tatsu-ti tatsu-ti-icon\"><\/i><\/span><div class=\"tatsu-tc tatsu-tc-custom-space align-left medium circled\">\n<h4>BESONDERE ANL\u00c4SSE<\/h4>\n<p>Wir begleiten sie \u00fcberall hin. Hochzeit, Taufe, Kommunion\/Konfirmation &#8230; auch Shootings nach der Geburt haben wir machen d\u00fcrfen.\u00a0 \u00a0\u00a0<\/p>\n<\/div><style>.tatsu-ryVPvWPVHA .tatsu-ti-wrap.circled{background: rgba(37,37,37,1);box-shadow: 0px 0px 0px 0px rgba(0,0,0,0);}.tatsu-ryVPvWPVHA .tatsu-ti-icon{color: rgba(255,255,255,1) ;}<\/style><\/div><div  class=\"tatsu-module tatsu-title-icon  tatsu-animate tatsu-BkrvP-vESA  \" data-animation=\"fadeInRight\"  ><span class=\"tatsu-ti-wrap tatsu-ti medium circled align-left\" ><i class=\"icon-camera2 tatsu-ti tatsu-ti-icon\"><\/i><\/span><div class=\"tatsu-tc tatsu-tc-custom-space align-left medium circled\">\n<h4>EVENTS<\/h4>\n<p>Ob Sport-Ereignisse, Konzerte, Unternehmensfeierlichkeiten &#8211; wir sind f\u00fcr Sie gerne dabei!<br \/>Ob in erster Reihe oder dezent im Hintergrund.\u00a0<\/p>\n<\/div><style>.tatsu-BkrvP-vESA .tatsu-ti-wrap.circled{background: rgba(37,37,37,1);box-shadow: 0px 0px 0px 0px rgba(0,0,0,0);}.tatsu-BkrvP-vESA .tatsu-ti-icon{color: rgba(255,255,255,1) ;}<\/style><\/div><div  class=\"tatsu-module tatsu-title-icon  tatsu-animate tatsu-B1Uwvbv4rC  \" data-animation=\"fadeInRight\"  ><span class=\"tatsu-ti-wrap tatsu-ti medium circled align-left\" ><i class=\"icon-happy tatsu-ti tatsu-ti-icon\"><\/i><\/span><div class=\"tatsu-tc tatsu-tc-custom-space align-left medium circled\">\n<h4>STUDIO SHOOTINGS<\/h4>\n<p>Portrait, Paare, Familien. Im Studio k\u00f6nnen Sie viel entspannter ihre besonderen Fantasien ins Bild setzen lassen. Und f\u00fcr unsere Make-Up-Styling-K\u00fcnste sind wir \u00fcber die Region hinaus bekannt!<\/p>\n<\/div><style>.tatsu-B1Uwvbv4rC .tatsu-ti-wrap.circled{background: rgba(37,37,37,1);box-shadow: 0px 0px 0px 0px rgba(0,0,0,0);}.tatsu-B1Uwvbv4rC .tatsu-ti-icon{color: rgba(255,255,255,1) ;}<\/style><\/div><\/div><\/div><div class = \"tatsu-column-bg-image-wrap\"><div class = \"tatsu-column-bg-image\" ><\/div><\/div><\/div><style>.tatsu-row > .tatsu-r1mDv-wVBA.tatsu-column{width: 50%;}.tatsu-r1mDv-wVBA.tatsu-column > .tatsu-column-inner > .tatsu-column-pad-wrap > .tatsu-column-pad{padding: 10% 0% 10% 10% ;}.tatsu-r1mDv-wVBA.tatsu-column > .tatsu-column-inner > .tatsu-column-overlay{mix-blend-mode: none;}.tatsu-r1mDv-wVBA > .tatsu-column-inner > .tatsu-top-divider{z-index: 9999;}.tatsu-r1mDv-wVBA > .tatsu-column-inner > .tatsu-bottom-divider{z-index: 9999;}.tatsu-r1mDv-wVBA > .tatsu-column-inner > .tatsu-left-divider{z-index: 9999;}.tatsu-r1mDv-wVBA > .tatsu-column-inner > .tatsu-right-divider{z-index: 9999;}@media only screen and (max-width: 767px) {.tatsu-row > .tatsu-r1mDv-wVBA.tatsu-column{width: 100%;}}<\/style><\/div><\/div><\/div><\/div><div class=\"tatsu-section-background-wrap\"><div class = \"tatsu-section-background\" ><\/div><\/div><style>.tatsu-H1vPWPNSA.tatsu-section{background-color: rgba(255,255,255,1);}.tatsu-H1vPWPNSA{border-width: 0px 0px px 0px;border-style: solid;}.tatsu-H1vPWPNSA .tatsu-section-pad{padding: 90px 0% 0px 0% ;}.tatsu-H1vPWPNSA > .tatsu-bottom-divider{z-index: 9999;}.tatsu-H1vPWPNSA > .tatsu-top-divider{z-index: 9999;}<\/style><\/div>\n","protected":false},"excerpt":{"rendered":"<p><a href=\"https:\/\/www.firstfloorstudios.de\/firstfloorstudiosWP\/verwaltungWP\/journal\/\" class=\"more-link style2-button\">Weiterlesen<\/a><\/p>","protected":false},"author":1,"featured_media":0,"parent":0,"menu_order":0,"comment_status":"closed","ping_status":"closed","template":"","meta":{"footnotes":""},"class_list":["post-3419","page","type-page","status-publish","hentry"],"_links":{"self":[{"href":"https:\/\/www.firstfloorstudios.de\/firstfloorstudiosWP\/verwaltungWP\/wp-json\/wp\/v2\/pages\/3419","targetHints":{"allow":["GET"]}}],"collection":[{"href":"https:\/\/www.firstfloorstudios.de\/firstfloorstudiosWP\/verwaltungWP\/wp-json\/wp\/v2\/pages"}],"about":[{"href":"https:\/\/www.firstfloorstudios.de\/firstfloorstudiosWP\/verwaltungWP\/wp-json\/wp\/v2\/types\/page"}],"author":[{"embeddable":true,"href":"https:\/\/www.firstfloorstudios.de\/firstfloorstudiosWP\/verwaltungWP\/wp-json\/wp\/v2\/users\/1"}],"replies":[{"embeddable":true,"href":"https:\/\/www.firstfloorstudios.de\/firstfloorstudiosWP\/verwaltungWP\/wp-json\/wp\/v2\/comments?post=3419"}],"version-history":[{"count":88,"href":"https:\/\/www.firstfloorstudios.de\/firstfloorstudiosWP\/verwaltungWP\/wp-json\/wp\/v2\/pages\/3419\/revisions"}],"predecessor-version":[{"id":20389,"href":"https:\/\/www.firstfloorstudios.de\/firstfloorstudiosWP\/verwaltungWP\/wp-json\/wp\/v2\/pages\/3419\/revisions\/20389"}],"wp:attachment":[{"href":"https:\/\/www.firstfloorstudios.de\/firstfloorstudiosWP\/verwaltungWP\/wp-json\/wp\/v2\/media?parent=3419"}],"curies":[{"name":"wp","href":"https:\/\/api.w.org\/{rel}","templated":true}]}}